False
Is 304687 composite?
False
Is 10676357 a composite number?
True
Is 4835351 a prime number?
False
Is 916969 a prime number?
False
Is 60284849 a prime number?
True
Is 166938851 a prime number?
True
Is 2469953 prime?
True
Is 32117 prime?
True
Is 13837523 a prime number?
False
Is 76140373 a prime number?
False
Is 655009 prime?
False
Is 38836085 composite?
True
Is 27732889 a composite number?
True
Is 47111 composite?
False
Is 15003158 composite?
True
Is 160464373 composite?
True
Is 90900983 a prime number?
True
Is 343758617 prime?
True
Is 42857417 prime?
True
Is 74637181 composite?
True
Is 1400569 a composite number?
True
Is 947471227 prime?
True
Is 240177837 prime?
False
Is 52564027 composite?
False
Is 567095357 composite?
True
Is 33547 composite?
False
Is 5726219 prime?
False
Is 9649369 prime?
False
Is 23939317 composite?
False
Is 5733991 a composite number?
True
Is 3081083 a prime number?
True
Is 3658573 composite?
True
Is 1325131 prime?
False
Is 17490817 a prime number?
True
Is 33472609 composite?
True
Is 82662803 a prime number?
True
Is 21913003 composite?
True
Is 417846869 a composite number?
True
Is 97968877 a composite number?
False
Is 98121991 composite?
True
Is 1070749 prime?
False
Is 33700907 a prime number?
True
Is 283093 prime?
True
Is 588156341 a prime number?
False
Is 48852961 a composite number?
False
Is 34082057 composite?
False
Is 548197 a prime number?
False
Is 743159 a composite number?
False
Is 949878227 a prime number?
True
Is 167353 composite?
True
Is 961813439 composite?
False
Is 7180483 a composite number?
False
Is 21647 a composite number?
False
Is 24974 composite?
True
Is 17418097 a composite number?
True
Is 10313987 composite?
False
Is 1032643 a prime number?
True
Is 30477341 a prime number?
True
Is 1024223 composite?
True
Is 206537831 composite?
False
Is 3600269 a prime number?
True
Is 2261902 a prime number?
False
Is 169764757 a composite number?
False
Is 40008227 a composite number?
True
Is 9112711 a prime number?
False
Is 392078047 prime?
False
Is 2149111 prime?
True
Is 9890249 prime?
True
Is 67120741 a composite number?
False
Is 383459 a prime number?
True
Is 25265987 a composite number?
False
Is 176321987 composite?
False
Is 95597173 prime?
False
Is 1957331 prime?
False
Is 44738761 prime?
True
Is 407366989 a prime number?
False
Is 203133991 prime?
False
Is 416089 prime?
True
Is 2498593 a composite number?
False
Is 3756367 a prime number?
True
Is 7480189 composite?
True
Is 8407481 a composite number?
True
Is 685427 composite?
False
Is 4762427 a composite number?
True
Is 440520326 a composite number?
True
Is 67873579 a composite number?
False
Is 377117 prime?
False
Is 36522877 composite?
False
Is 25962947 composite?
False
Is 124633 a composite number?
False
Is 102340591 a composite number?
False
Is 14848129 prime?
False
Is 60266941 composite?
True
Is 13331067 a composite number?
True
Is 1075187 a prime number?
True
Is 5615179 composite?
False
Is 6948043 composite?
True
Is 87981034 prime?
False
Is 89695 a prime number?
False
Is 39823033 a prime number?
False
Is 48960103 prime?
True
Is 564145519 prime?
False
Is 7717821 a composite number?
True
Is 31679671 prime?
False
Is 2959823 a composite number?
False
Is 2008159 a prime number?
False
Is 4158757 composite?
True
Is 1620037 prime?
False
Is 10775861 composite?
False
Is 4815047 composite?
False
Is 126533461 a prime number?
False
Is 3814999 a composite number?
True
Is 7686061 composite?
True
Is 2523569 composite?
False
Is 47710735 a composite number?
True
Is 5006161 prime?
False
Is 11012669 a composite number?
False
Is 83482573 a prime number?
True
Is 124334369 a composite number?
False
Is 800011 prime?
True
Is 18639259 a prime number?
False
Is 110668747 composite?
True
Is 20249687 prime?
False
Is 941077 a prime number?
False
Is 1734337 composite?
True
Is 82005493 a composite number?
False
Is 38638421 composite?
True
Is 1342043 prime?
False
Is 1801169 a prime number?
False
Is 597874 prime?
False
Is 1630763 composite?
False
Is 1999061 a composite number?
False
Is 33523321 a composite number?
True
Is 49165829 composite?
True
Is 429519886 composite?
True
Is 166786615 composite?
True
Is 791951 a prime number?
True
Is 1029403 composite?
False
Is 318652039 a prime number?
True
Is 10473497 composite?
True
Is 2011571 a prime number?
False
Is 505705 prime?
False
Is 30905045 composite?
True
Is 1079299 composite?
True
Is 3161647 prime?
True
Is 45856171 a composite number?
False
Is 194582183 a composite number?
False
Is 4496482 a composite number?
True
Is 80303611 composite?
False
Is 26323771 composite?
False
Is 35852917 a prime number?
True
Is 37946767 a composite number?
False
Is 4017179 a prime number?
True
Is 47371931 a composite number?
False
Is 14734043 prime?
True
Is 5487089 a prime number?
False
Is 144057406 composite?
True
Is 273534427 composite?
False
Is 479623 composite?
False
Is 51481207 prime?
False
Is 22115701 a prime number?
True
Is 6020239 prime?
False
Is 14116133 composite?
False
Is 22384379 a prime number?
True
Is 11213957 a composite number?
False
Is 487047343 a composite number?
False
Is 46626431 composite?
True
Is 432919 a prime number?
False
Is 4446917 prime?
False
Is 3673381 a composite number?
True
Is 9313081 prime?
False
Is 22469 composite?
False
Is 2420521 a prime number?
False
Is 29586371 a composite number?
False
Is 494938007 a prime number?
True
Is 45373261 prime?
False
Is 461894077 a composite number?
False
Is 4182023 composite?
True
Is 174191209 a prime number?
False
Is 3982481 prime?
True
Is 517103 a prime number?
False
Is 1457143 composite?
False
Is 77835049 prime?
True
Is 159364991 composite?
True
Is 17973919 a prime number?
False
Is 134207 a prime number?
True
Is 37065401 a composite number?
False
Is 90409717 prime?
False
Is 110089 a composite number?
True
Is 548170391 prime?
True
Is 4853599 prime?
True
Is 98377061 a composite number?
True
Is 13082929 prime?
False
Is 203947421 composite?
False
Is 76995649 a composite number?
True
Is 143928571 a composite number?
True
Is 223955537 a composite number?
True
Is 4141349 a composite number?
False
Is 241105607 a prime number?
True
Is 292909 a prime number?
True
Is 10848569 prime?
True
Is 36057053 a prime number?
True
Is 5024389 a composite number?
False
Is 260767795 composite?
True
Is 145316491 composite?
False
Is 19518133 prime?
False
Is 11252261 a composite number?
True
Is 54461 a composite number?
True
Is 13340941 a prime number?
True
Is 5483266 a prime number?
False
Is 310353 a composite number?
True
Is 410421721 a prime number?
True
Is 89580613 composite?
True
Is 44390053 prime?
True
Is 2005865 composite?
True
Is 13652539 a composite number?
False
Is 1847117 a prime number?
True
Is 2651763 a composite number?
True
Is 24511753 prime?
False
Is 4536929 a composite number?
False
Is 125749007 prime?
True
Is 14906357 a prime number?
True
Is 4353833 prime?
False
Is 71943263 prime?
False
Is 174342577 prime?
False
Is 211578743 prime?
True
Is 5563223 a prime number?
True
Is 173713139 a composite number?
False
Is 23375917 a composite number?
True
Is 3166726829 prime?
False
Is 609094861 a composite number?
True
Is 1132393 prime?
True
Is 1329123 a composite number?
True
Is 3061621 a composite number?
True
Is 13436509 a prime number?
False
Is 3042539 a prime number?
False
Is 277919017 a composite number?
False
Is 10044669 a composite number?
True
Is 8714389 prime?
False
Is 73996459 a prime number?
True
Is 221251 prime?
True
Is 97923481 prime?
True
Is 14520862 prime?
False
Is 10685293 composite?
False
Is 110430305 composite?
True
Is 1734593 a composite number?
True
Is 8350799 composite?
True
Is 1597369 a prime number?
True
Is 3066293 a prime number?
True
Is 4228091 prime?
False
Is 16700231 a prime number?
False
Is 20048923 a composite number?
False
Is 2130307 prime?
True
Is 270447 a prime number?
False
Is 2318321 a composite number?
True
Is 2594671 prime?
True
Is 2299697 prime?
True
Is 501825531 a composite number?
True
Is 6212621 prime?
True
Is 20461313 a prime number?
False
Is 6678317 composite?
False
Is 9342457 a composite number?
False
Is 67452953 prime?
False
Is 134336243 a composite number?
False
Is 260500777 a prime number?
False
Is 47787599 prime?
True
Is 9510467 a composite number?
True
Is 166591